3?
11
Calculate the highest common divisor of 412272 and 1260.
252
What is the greatest common factor of 1536 and 1168?
16
What is the highest common factor of 611 and 91?
13
What is the highest common factor of 1073 and 4031?
29
Calculate the highest common divisor of 3235476 and 24.
12
What is the highest common factor of 6060100 and 50?
50
Calculate the highest common divisor of 29747 and 591.
197
What is the greatest common divisor of 952 and 27128?
8
Calculate the greatest common factor of 82715 and 2485.
355
What is the highest common divisor of 4 and 559?
1
Calculate the highest common factor of 207276 and 96.
12
Calculate the greatest common divisor of 24 and 13290.
6
What is the highest common factor of 28 and 94824?
4
Calculate the greatest common factor of 36432 and 15548.
92
Calculate the greatest common factor of 361900 and 1128.
188
What is the highest common divisor of 4352 and 74?
2
What is the highest common divisor of 32829 and 1674?
93
Calculate the highest common factor of 15399 and 5568.
87
What is the highest common divisor of 280 and 938?
14
What is the highest common divisor of 12282 and 4186?
46
What is the greatest common factor of 18 and 59766?
6
Calculate the highest common factor of 1236 and 1860.
12
Calculate the highest common factor of 1630930 and 2415.
805
What is the highest common factor of 384 and 527232?
384
Calculate the highest common divisor of 50 and 275.
25
Calculate the highest common factor of 126 and 2183202.
126
Calculate the greatest common factor of 456 and 83562.
114
Calculate the greatest common factor of 225654 and 198.
66
What is the highest common factor of 34410 and 2590?
370
Calculate the highest common factor of 87 and 240729.
87
Calculate the greatest common factor of 9912 and 1578840.
1416
What is the highest common factor of 10320 and 185?
5
Calculate the greatest common factor of 12215 and 105.
35
What is the highest common divisor of 8653 and 3604?
17
What is the greatest common divisor of 18483 and 732?
183
Calculate the greatest common divisor of 12 and 484.
4
What is the greatest common divisor of 25533 and 558?
9
What is the highest common factor of 17 and 8273441?
17
What is the highest common factor of 13050 and 117740?
290
What is the greatest common divisor of 266 and 9436?
14
What is the greatest common divisor of 22889 and 627743?
487
Calculate the highest common divisor of 43430 and 370670.
1010
Calculate the highest common factor of 91156 and 52.
52
What is the greatest common divisor of 40 and 210?
10
Calculate the highest common divisor of 53592 and 616.
616
What is the greatest common divisor of 4668 and 564?
12
What is the greatest common factor of 103790 and 52430?
1070
What is the greatest common factor of 336 and 886928?
112
What is the greatest common divisor of 139075 and 3200?
25
What is the greatest common factor of 64330 and 11690?
70
What is the greatest common divisor of 24390 and 195?
15
What is the highest common divisor of 4774 and 406?
14
What is the greatest common factor of 750 and 1695?
15
Calculate the greatest common divisor of 20392 and 440.
8
Calculate the highest common divisor of 462 and 4116574.
154
Calculate the greatest common divisor of 7939 and 2533.
17
Calculate the highest common factor of 10 and 1603.
1
Calculate the greatest common divisor of 302 and 40921.
151
What is the highest common factor of 11609 and 475?
19
Calculate the highest common factor of 29410 and 9622.
34
Calculate the greatest common divisor of 144760 and 9020.
220
Calculate the highest common factor of 522 and 1708158.
174
What is the greatest common factor of 273 and 30667?
91
Calculate the greatest common divisor of 1170 and 1038024.
234
What is the greatest common factor of 100165 and 268?
67
Calculate the highest common divisor of 629 and 13875.
37
Calculate the greatest common divisor of 2475 and 1184040.
495
Calculate the greatest common divisor of 333 and 515817.
333
What is the greatest common divisor of 390 and 10800660?
390
What is the greatest common divisor of 1521 and 2873?
169
What is the greatest common factor of 27774 and 45?
9
Calculate the greatest common divisor of 479 and 494807.
479
What is the greatest common divisor of 2340 and 615550?
130
What is the greatest common divisor of 1591668 and 537?
537
Calculate the highest common divisor of 62 and 862.
2
Calculate the highest common divisor of 42 and 431732.
14
What is the highest common divisor of 1951551 and 63?
63
What is the highest common divisor of 19437620 and 31?
31
Calculate the highest common factor of 732 and 18708.
12
What is the greatest common divisor of 720314 and 92?
46
Calculate the greatest common factor of 41366 and 688.
86
What is the highest common factor of 28075 and 7325?
25
Calculate the highest common divisor of 34343 and 10004.
61
What is the highest common factor of 30173 and 66?
11
What is the highest common divisor of 2339721 and 178?
89
What is the greatest common divisor of 574504 and 8?
8
Calculate the highest common divisor of 4958 and 64.
2
What is the highest common factor of 8904 and 296?
8
What is the highest common divisor of 32 and 104848?
16
Calculate the greatest common factor of 1146 and 158721.
573
What is the greatest common factor of 1507 and 121?
11
Calculate the highest common factor of 10703 and 1001.
77
Calculate the greatest common divisor of 15 and 95370.
15
Calculate the greatest common divisor of 5263 and 665.
19
What is the greatest common divisor of 2379 and 549?
183
Calculate the greatest common divisor of 338 and 855478.
338
Calculate the greatest common divisor of 27 and 1255833.
9
Calculate the greatest common factor of 117050 and 450.
50
Calculate the highest common divisor of 3520 and 42130.
110
Calculate the highest common divisor of 15789 and 570.
57
Calculate the greatest common divisor of 392 and 134648.
8
Calculate the greatest common factor of 10 and 288.
2
Calculate the highest common divisor of 823962 and 10146.
534
Calculate the highest common divisor of 8195 and 11920.
745
What is the highest common factor of 492296 and 1416?
472
What is the greatest common factor of 13335868 and 14?
14
What is the greatest common divisor of 172013 and 37?
37
Calculate the greatest common divisor of 1570950 and 20.
10
What is the greatest common divisor of 12770 and 3550?
10
Calculate the highest common divisor of 2730 and 2436.
42
What is the highest common factor of 777983 and 973?
139
Calculate the greatest common divisor of 177 and 699091.
59
Calculate the greatest common factor of 1160568 and 96.
24
What is the greatest common factor of 2283 and 2696984?
761
Calculate the highest common divisor of 61 and 403759.
61
What is the greatest common factor of 27 and 376137?
27
What is the greatest common factor of 352 and 1944?
8
What is the greatest common factor of 1652483 and 14?
7
What is the greatest common divisor of 989 and 301?
43
What is the greatest common factor of 146 and 394346?
146
Calculate the highest common factor of 351078 and 858.
78
Calculate the highest common factor of 665 and 94829.
133
Calculate the highest common factor of 138618 and 21114.
918
Calculate the greatest common factor of 1 and 837255.
1
What is the greatest common divisor of 9430 and 50?
10
Calculate the highest common factor of 39 and 222063.
3
Calculate the highest common divisor of 143 and 3549.
13
Calculate the greatest common factor of 3948 and 2397.
141
Calculate the greatest common divisor of 181236 and 297.
33
Calculate the highest common divisor of 147 and 38052.
21
What is the greatest common divisor of 58136 and 30788?
172
Calculate the highest common divisor of 1296610 and 140.
70
What is the highest common divisor of 3583008 and 143?
143
What is the greatest common factor of 108825 and 50?
25
What is the highest common divisor of 37 and 9953?
37
Calculate the highest common divisor of 208056 and 20.
4
What is the greatest common divisor of 16 and 7960?
8
Calculate the highest common factor of 23670 and 5523.
789
What is the greatest common divisor of 990 and 29805?
15
What is the highest common divisor of 86240 and 360?
40
What is the greatest common divisor of 3240 and 1160?
40
Calculate the highest common factor of 245 and 1157723.
49
What 